{"id":4029,"date":"2023-10-24T07:06:31","date_gmt":"2023-10-24T07:06:31","guid":{"rendered":"https:\/\/www.hotelcolorado.net\/?page_id=4029"},"modified":"2025-11-06T12:52:35","modified_gmt":"2025-11-06T12:52:35","slug":"familienzimmer-typ-b","status":"publish","type":"page","link":"https:\/\/www.hotelcolorado.net\/index.php\/de\/zimmer\/familienzimmer-typ-b\/","title":{"rendered":"Familienzimmer Typ B"},"content":{"rendered":"\t\t<div data-elementor-type=\"wp-post\" data-elementor-id=\"4029\" class=\"elementor elementor-4029\">\n\t\t\t\t\t\t\t\t\t<section class=\"elementor-section elementor-top-section elementor-element elementor-element-ef5dc85 qodef-elementor-content-grid elementor-section-content-top elementor-section-stretched elementor-section-boxed elementor-section-height-default elementor-section-height-default\" data-id=\"ef5dc85\" data-element_type=\"section\" data-settings=\"{&quot;stretch_section&quot;:&quot;section-stretched&quot;}\">\n\t\t\t\t\t\t<div class=\"elementor-container elementor-column-gap-no\">\n\t\t\t\t\t<div class=\"elementor-column elementor-col-50 elementor-top-column elementor-element elementor-element-c53a540 elementor-hidden-tablet elementor-hidden-mobile\" data-id=\"c53a540\" data-element_type=\"column\">\n\t\t\t<div class=\"elementor-widget-wrap elementor-element-populated\">\n\t\t\t\t\t\t\t\t<div class=\"elementor-element elementor-element-8fb8ad2 elementor-widget elementor-widget-gaspard_core_parallax_image\" data-id=\"8fb8ad2\" data-element_type=\"widget\" data-widget_type=\"gaspard_core_parallax_image.default\">\n\t\t\t\t<div class=\"elementor-widget-container\">\n\t\t\t<div class=\"qodef-shortcode qodef-m  qodef-parallax-image qodef-layout--default qodef-animation--enabled\">\n\t<div class=\"qodef-m-image\">\n\t\t<div class=\"qodef-e-image-holder\">\n\t\t\t<div class=\"qodef-e-image-zoom-holder\">\n\t\t\t\t\t\t\t\t\t<img fetchpriority=\"high\" decoding=\"async\" width=\"2560\" height=\"1709\" src=\"https:\/\/www.hotelcolorado.net\/wp-content\/uploads\/2025\/11\/DGA_4155-scaled.jpg\" class=\"qodef-e-image\" alt=\"\" srcset=\"https:\/\/www.hotelcolorado.net\/wp-content\/uploads\/2025\/11\/DGA_4155-scaled.jpg 2560w, https:\/\/www.hotelcolorado.net\/wp-content\/uploads\/2025\/11\/DGA_4155-300x200.jpg 300w, https:\/\/www.hotelcolorado.net\/wp-content\/uploads\/2025\/11\/DGA_4155-1024x683.jpg 1024w, https:\/\/www.hotelcolorado.net\/wp-content\/uploads\/2025\/11\/DGA_4155-768x513.jpg 768w, https:\/\/www.hotelcolorado.net\/wp-content\/uploads\/2025\/11\/DGA_4155-1536x1025.jpg 1536w, https:\/\/www.hotelcolorado.net\/wp-content\/uploads\/2025\/11\/DGA_4155-2048x1367.jpg 2048w\" sizes=\"(max-width: 2560px) 100vw, 2560px\" \/>\t\t\t\t\t\t\t<\/div>\n\t\t<\/div>\n\t<\/div>\n<\/div>\t\t<\/div>\n\t\t\t\t<\/div>\n\t\t\t\t<div class=\"elementor-element elementor-element-62123ec elementor-widget elementor-widget-gaspard_core_parallax_image\" data-id=\"62123ec\" data-element_type=\"widget\" data-widget_type=\"gaspard_core_parallax_image.default\">\n\t\t\t\t<div class=\"elementor-widget-container\">\n\t\t\t<div class=\"qodef-shortcode qodef-m  qodef-parallax-image qodef-layout--default qodef-animation--enabled\">\n\t<div class=\"qodef-m-image\">\n\t\t<div class=\"qodef-e-image-holder\">\n\t\t\t<div class=\"qodef-e-image-zoom-holder\">\n\t\t\t\t\t\t\t\t\t<img decoding=\"async\" width=\"2362\" height=\"2353\" src=\"https:\/\/www.hotelcolorado.net\/wp-content\/uploads\/2025\/11\/DGA_4110.jpg\" class=\"qodef-e-image\" alt=\"\" srcset=\"https:\/\/www.hotelcolorado.net\/wp-content\/uploads\/2025\/11\/DGA_4110.jpg 2362w, https:\/\/www.hotelcolorado.net\/wp-content\/uploads\/2025\/11\/DGA_4110-300x300.jpg 300w, https:\/\/www.hotelcolorado.net\/wp-content\/uploads\/2025\/11\/DGA_4110-1024x1020.jpg 1024w, https:\/\/www.hotelcolorado.net\/wp-content\/uploads\/2025\/11\/DGA_4110-150x150.jpg 150w, https:\/\/www.hotelcolorado.net\/wp-content\/uploads\/2025\/11\/DGA_4110-768x765.jpg 768w, https:\/\/www.hotelcolorado.net\/wp-content\/uploads\/2025\/11\/DGA_4110-1536x1530.jpg 1536w, https:\/\/www.hotelcolorado.net\/wp-content\/uploads\/2025\/11\/DGA_4110-2048x2040.jpg 2048w\" sizes=\"(max-width: 2362px) 100vw, 2362px\" \/>\t\t\t\t\t\t\t<\/div>\n\t\t<\/div>\n\t<\/div>\n<\/div>\t\t<\/div>\n\t\t\t\t<\/div>\n\t\t\t\t\t<\/div>\n\t\t<\/div>\n\t\t\t\t<div class=\"elementor-column elementor-col-50 elementor-top-column elementor-element elementor-element-9399ff8\" data-id=\"9399ff8\" data-element_type=\"column\">\n\t\t\t<div class=\"elementor-widget-wrap elementor-element-populated\">\n\t\t\t\t\t\t\t\t<div class=\"elementor-element elementor-element-74f93ce elementor-widget elementor-widget-gaspard_core_section_title\" data-id=\"74f93ce\" data-element_type=\"widget\" data-widget_type=\"gaspard_core_section_title.default\">\n\t\t\t\t<div class=\"elementor-widget-container\">\n\t\t\t<div class=\"qodef-shortcode qodef-m  qodef-section-title qodef-alignment--left  qodef--has-appear\">\n\t\t<h3 class=\"qodef-m-title\" >\n\tFl\u00e4che Schlafzimmer + Badezimmer: 42 qm + Terrasse\t<\/h3>\n\t\t<p class=\"qodef-m-subtitle\" >Innenseite 1. oder 2. Etage<\/p>\n\t\t<div class=\"qodef-m-text\" style=\"margin-top: 29px\">\n\t\t<p>Ideal f\u00fcr 4 bis 8 Personen: Diese Unterkunft besteht aus einem Schlafzimmer mit Doppelbett, einem Schlafzimmer mit zwei Einzelbetten und einem komfortablen Wohnbereich mit Schlafsofa. Die gesamte Fl\u00e4che ist durchdacht gestaltet, mit praktischen Raumaufteilungen, eigenen Kleiderschr\u00e4nken und zwei Badezimmern. Auf Anfrage kann ein Kinderbett (120 x 60 cm) hinzugef\u00fcgt werden. Die Terrasse mit Tisch, St\u00fchlen und W\u00e4schest\u00e4nder rundet dieses angenehme Angebot f\u00fcr gr\u00f6\u00dfere Familien ab.<\/p>\t<\/div>\n\t\t<div class=\"qodef-m-button clear\">\n\t\t<a class=\"qodef-shortcode qodef-m  qodef-button qodef-layout--outlined   qodef-html--link\" href=\"https:\/\/www.hotelcolorado.net\/wp-content\/uploads\/2019\/02\/tipo-B.pdf\" target=\"_blank\"  >\t<span class=\"qodef-m-text\">Raumplan<\/span>    <span class=\"qodef-m-bckg-holder\" ><\/span><\/a>\t<\/div>\n\t<\/div>\t\t<\/div>\n\t\t\t\t<\/div>\n\t\t\t\t\t<\/div>\n\t\t<\/div>\n\t\t\t\t\t\t\t<\/div>\n\t\t<\/section>\n\t\t\t\t<section class=\"elementor-section elementor-top-section elementor-element elementor-element-5eb23deb elementor-section-full_width qodef-elementor-content-grid elementor-section-stretched elementor-section-height-default elementor-section-height-default\" data-id=\"5eb23deb\" data-element_type=\"section\" data-settings=\"{&quot;background_background&quot;:&quot;classic&quot;,&quot;stretch_section&quot;:&quot;section-stretched&quot;}\">\n\t\t\t\t\t\t\t<div class=\"elementor-background-overlay\"><\/div>\n\t\t\t\t\t\t\t<div class=\"elementor-container elementor-column-gap-no\">\n\t\t\t\t\t<div class=\"elementor-column elementor-col-25 elementor-top-column elementor-element elementor-element-6dfa803d\" data-id=\"6dfa803d\" data-element_type=\"column\">\n\t\t\t<div class=\"elementor-widget-wrap elementor-element-populated\">\n\t\t\t\t\t\t\t\t<div class=\"elementor-element elementor-element-12643915 elementor-position-left elementor-vertical-align-middle elementor-widget elementor-widget-image-box\" data-id=\"12643915\" data-element_type=\"widget\" data-widget_type=\"image-box.default\">\n\t\t\t\t<div class=\"elementor-widget-container\">\n\t\t\t<style>\/*! elementor - v3.18.0 - 08-12-2023 *\/\n.elementor-widget-image-box .elementor-image-box-content{width:100%}@media (min-width:768px){.elementor-widget-image-box.elementor-position-left .elementor-image-box-wrapper,.elementor-widget-image-box.elementor-position-right .elementor-image-box-wrapper{display:flex}.elementor-widget-image-box.elementor-position-right .elementor-image-box-wrapper{text-align:right;flex-direction:row-reverse}.elementor-widget-image-box.elementor-position-left .elementor-image-box-wrapper{text-align:left;flex-direction:row}.elementor-widget-image-box.elementor-position-top .elementor-image-box-img{margin:auto}.elementor-widget-image-box.elementor-vertical-align-top .elementor-image-box-wrapper{align-items:flex-start}.elementor-widget-image-box.elementor-vertical-align-middle .elementor-image-box-wrapper{align-items:center}.elementor-widget-image-box.elementor-vertical-align-bottom .elementor-image-box-wrapper{align-items:flex-end}}@media (max-width:767px){.elementor-widget-image-box .elementor-image-box-img{margin-left:auto!important;margin-right:auto!important;margin-bottom:15px}}.elementor-widget-image-box .elementor-image-box-img{display:inline-block}.elementor-widget-image-box .elementor-image-box-title a{color:inherit}.elementor-widget-image-box .elementor-image-box-wrapper{text-align:center}.elementor-widget-image-box .elementor-image-box-description{margin:0}<\/style><div class=\"elementor-image-box-wrapper\"><figure class=\"elementor-image-box-img\"><img decoding=\"async\" src=\"https:\/\/www.hotelcolorado.net\/wp-content\/uploads\/elementor\/thumbs\/arredamentomoderno-qh4s9cnuydcj6q4bwde8p78yfngi4df2av6rbu48xo.png\" title=\"arredamentomoderno\" alt=\"arredamentomoderno\" loading=\"lazy\" \/><\/figure><div class=\"elementor-image-box-content\"><p class=\"elementor-image-box-description\">Zeitgen\u00f6ssische M\u00f6bel<\/p><\/div><\/div>\t\t<\/div>\n\t\t\t\t<\/div>\n\t\t\t\t<div class=\"elementor-element elementor-element-58ae2878 elementor-position-left elementor-vertical-align-middle elementor-widget elementor-widget-image-box\" data-id=\"58ae2878\" data-element_type=\"widget\" data-widget_type=\"image-box.default\">\n\t\t\t\t<div class=\"elementor-widget-container\">\n\t\t\t<div class=\"elementor-image-box-wrapper\"><figure class=\"elementor-image-box-img\"><img decoding=\"async\" src=\"https:\/\/www.hotelcolorado.net\/wp-content\/uploads\/elementor\/thumbs\/outline_volume_off_black_24dp-prova-qh4s9cnuydcj6q4bwde8p78yfngi4df2av6rbu48xo.png\" title=\"outline_volume_off_black_24dp-prova\" alt=\"outline_volume_off_black_24dp-prova\" loading=\"lazy\" \/><\/figure><div class=\"elementor-image-box-content\"><p class=\"elementor-image-box-description\"> Schallisolierter Boden<\/p><\/div><\/div>\t\t<\/div>\n\t\t\t\t<\/div>\n\t\t\t\t<div class=\"elementor-element elementor-element-33b73553 elementor-position-left elementor-vertical-align-middle elementor-widget elementor-widget-image-box\" data-id=\"33b73553\" data-element_type=\"widget\" data-widget_type=\"image-box.default\">\n\t\t\t\t<div class=\"elementor-widget-container\">\n\t\t\t<div class=\"elementor-image-box-wrapper\"><figure class=\"elementor-image-box-img\"><img decoding=\"async\" src=\"https:\/\/www.hotelcolorado.net\/wp-content\/uploads\/elementor\/thumbs\/materasso-qh4s9cnuydcj6q4bwde8p78yfngi4df2av6rbu48xo.png\" title=\"materasso\" alt=\"materasso\" loading=\"lazy\" \/><\/figure><div class=\"elementor-image-box-content\"><p class=\"elementor-image-box-description\">Komfortmatratzen<\/p><\/div><\/div>\t\t<\/div>\n\t\t\t\t<\/div>\n\t\t\t\t\t<\/div>\n\t\t<\/div>\n\t\t\t\t<div class=\"elementor-column elementor-col-25 elementor-top-column elementor-element elementor-element-57ffc793\" data-id=\"57ffc793\" data-element_type=\"column\">\n\t\t\t<div class=\"elementor-widget-wrap elementor-element-populated\">\n\t\t\t\t\t\t\t\t<div class=\"elementor-element elementor-element-793dee4f elementor-position-left elementor-vertical-align-middle elementor-widget elementor-widget-image-box\" data-id=\"793dee4f\" data-element_type=\"widget\" data-widget_type=\"image-box.default\">\n\t\t\t\t<div class=\"elementor-widget-container\">\n\t\t\t<div class=\"elementor-image-box-wrapper\"><figure class=\"elementor-image-box-img\"><img decoding=\"async\" src=\"https:\/\/www.hotelcolorado.net\/wp-content\/uploads\/elementor\/thumbs\/doccia-qh4s9dlp57dtic2yqvsv9p0f11bvc2ismzu8t42urg.png\" title=\"doccia\" alt=\"doccia\" loading=\"lazy\" \/><\/figure><div class=\"elementor-image-box-content\"><p class=\"elementor-image-box-description\">Badezimmer mit Dusche<\/p><\/div><\/div>\t\t<\/div>\n\t\t\t\t<\/div>\n\t\t\t\t<div class=\"elementor-element elementor-element-29c159e0 elementor-position-left elementor-vertical-align-middle elementor-widget elementor-widget-image-box\" data-id=\"29c159e0\" data-element_type=\"widget\" data-widget_type=\"image-box.default\">\n\t\t\t\t<div class=\"elementor-widget-container\">\n\t\t\t<div class=\"elementor-image-box-wrapper\"><figure class=\"elementor-image-box-img\"><img decoding=\"async\" src=\"https:\/\/www.hotelcolorado.net\/wp-content\/uploads\/elementor\/thumbs\/balcone-qh4s9cnuydcj6q4bwde8p78yfngi4df2av6rbu48xo.png\" title=\"balcone\" alt=\"balcone\" loading=\"lazy\" \/><\/figure><div class=\"elementor-image-box-content\"><p class=\"elementor-image-box-description\">M\u00f6blierter Balkon<\/p><\/div><\/div>\t\t<\/div>\n\t\t\t\t<\/div>\n\t\t\t\t<div class=\"elementor-element elementor-element-7a4ae35 elementor-position-left elementor-vertical-align-middle elementor-widget elementor-widget-image-box\" data-id=\"7a4ae35\" data-element_type=\"widget\" data-widget_type=\"image-box.default\">\n\t\t\t\t<div class=\"elementor-widget-container\">\n\t\t\t<div class=\"elementor-image-box-wrapper\"><figure class=\"elementor-image-box-img\"><img decoding=\"async\" src=\"https:\/\/www.hotelcolorado.net\/wp-content\/uploads\/elementor\/thumbs\/AC-qh4s9cnuydcj6q4bwde8p78yfngi4df2av6rbu48xo.png\" title=\"AC\" alt=\"AC\" loading=\"lazy\" \/><\/figure><div class=\"elementor-image-box-content\"><p class=\"elementor-image-box-description\"> Klimaanlage und Heizung<\/p><\/div><\/div>\t\t<\/div>\n\t\t\t\t<\/div>\n\t\t\t\t\t<\/div>\n\t\t<\/div>\n\t\t\t\t<div class=\"elementor-column elementor-col-25 elementor-top-column elementor-element elementor-element-76d0579f\" data-id=\"76d0579f\" data-element_type=\"column\">\n\t\t\t<div class=\"elementor-widget-wrap elementor-element-populated\">\n\t\t\t\t\t\t\t\t<div class=\"elementor-element elementor-element-13a2a0e3 elementor-position-left elementor-vertical-align-middle elementor-widget elementor-widget-image-box\" data-id=\"13a2a0e3\" data-element_type=\"widget\" data-widget_type=\"image-box.default\">\n\t\t\t\t<div class=\"elementor-widget-container\">\n\t\t\t<div class=\"elementor-image-box-wrapper\"><figure class=\"elementor-image-box-img\"><img decoding=\"async\" src=\"https:\/\/www.hotelcolorado.net\/wp-content\/uploads\/elementor\/thumbs\/tvsat-qh4s9cnuydcj6q4bwde8p78yfngi4df2av6rbu48xo.png\" title=\"tvsat\" alt=\"tvsat\" loading=\"lazy\" \/><\/figure><div class=\"elementor-image-box-content\"><p class=\"elementor-image-box-description\">Satellitenfernsehen<\/p><\/div><\/div>\t\t<\/div>\n\t\t\t\t<\/div>\n\t\t\t\t<div class=\"elementor-element elementor-element-5247d18 elementor-position-left elementor-vertical-align-middle elementor-widget elementor-widget-image-box\" data-id=\"5247d18\" data-element_type=\"widget\" data-widget_type=\"image-box.default\">\n\t\t\t\t<div class=\"elementor-widget-container\">\n\t\t\t<div class=\"elementor-image-box-wrapper\"><figure class=\"elementor-image-box-img\"><img decoding=\"async\" src=\"https:\/\/www.hotelcolorado.net\/wp-content\/uploads\/elementor\/thumbs\/phon-qh4s9dlp57dtic2yqvsv9p0f11bvc2ismzu8t42urg.png\" title=\"phon\" alt=\"phon\" loading=\"lazy\" \/><\/figure><div class=\"elementor-image-box-content\"><p class=\"elementor-image-box-description\">Phon<\/p><\/div><\/div>\t\t<\/div>\n\t\t\t\t<\/div>\n\t\t\t\t<div class=\"elementor-element elementor-element-7c636a7c elementor-position-left elementor-vertical-align-middle elementor-widget elementor-widget-image-box\" data-id=\"7c636a7c\" data-element_type=\"widget\" data-widget_type=\"image-box.default\">\n\t\t\t\t<div class=\"elementor-widget-container\">\n\t\t\t<div class=\"elementor-image-box-wrapper\"><figure class=\"elementor-image-box-img\"><img decoding=\"async\" src=\"https:\/\/www.hotelcolorado.net\/wp-content\/uploads\/elementor\/thumbs\/wifi-qh4s9dlp57dtic2yqvsv9p0f11bvc2ismzu8t42urg.png\" title=\"wifi\" alt=\"wifi\" loading=\"lazy\" \/><\/figure><div class=\"elementor-image-box-content\"><p class=\"elementor-image-box-description\">WLAN<\/p><\/div><\/div>\t\t<\/div>\n\t\t\t\t<\/div>\n\t\t\t\t\t<\/div>\n\t\t<\/div>\n\t\t\t\t<div class=\"elementor-column elementor-col-25 elementor-top-column elementor-element elementor-element-2b78f106\" data-id=\"2b78f106\" data-element_type=\"column\">\n\t\t\t<div class=\"elementor-widget-wrap elementor-element-populated\">\n\t\t\t\t\t\t\t\t<div class=\"elementor-element elementor-element-1c577b7c elementor-position-left elementor-vertical-align-middle elementor-widget elementor-widget-image-box\" data-id=\"1c577b7c\" data-element_type=\"widget\" data-widget_type=\"image-box.default\">\n\t\t\t\t<div class=\"elementor-widget-container\">\n\t\t\t<div class=\"elementor-image-box-wrapper\"><figure class=\"elementor-image-box-img\"><img decoding=\"async\" src=\"https:\/\/www.hotelcolorado.net\/wp-content\/uploads\/elementor\/thumbs\/frigo-qh4s9cnuydcj6q4bwde8p78yfngi4df2av6rbu48xo.png\" title=\"frigo\" alt=\"frigo\" loading=\"lazy\" \/><\/figure><div class=\"elementor-image-box-content\"><p class=\"elementor-image-box-description\">Minibar<\/p><\/div><\/div>\t\t<\/div>\n\t\t\t\t<\/div>\n\t\t\t\t<div class=\"elementor-element elementor-element-ad7c28b elementor-position-left elementor-vertical-align-middle elementor-widget elementor-widget-image-box\" data-id=\"ad7c28b\" data-element_type=\"widget\" data-widget_type=\"image-box.default\">\n\t\t\t\t<div class=\"elementor-widget-container\">\n\t\t\t<div class=\"elementor-image-box-wrapper\"><figure class=\"elementor-image-box-img\"><img decoding=\"async\" src=\"https:\/\/www.hotelcolorado.net\/wp-content\/uploads\/elementor\/thumbs\/telefono-qh4s9cnuydcj6q4bwde8p78yfngi4df2av6rbu48xo.png\" title=\"telefono\" alt=\"telefono\" loading=\"lazy\" \/><\/figure><div class=\"elementor-image-box-content\"><p class=\"elementor-image-box-description\">Telefon<\/p><\/div><\/div>\t\t<\/div>\n\t\t\t\t<\/div>\n\t\t\t\t<div class=\"elementor-element elementor-element-27b3232c elementor-position-left elementor-vertical-align-middle elementor-widget elementor-widget-image-box\" data-id=\"27b3232c\" data-element_type=\"widget\" data-widget_type=\"image-box.default\">\n\t\t\t\t<div class=\"elementor-widget-container\">\n\t\t\t<div class=\"elementor-image-box-wrapper\"><figure class=\"elementor-image-box-img\"><img decoding=\"async\" src=\"https:\/\/www.hotelcolorado.net\/wp-content\/uploads\/elementor\/thumbs\/cassaforte-qh4s9cnuydcj6q4bwde8p78yfngi4df2av6rbu48xo.png\" title=\"cassaforte\" alt=\"cassaforte\" loading=\"lazy\" \/><\/figure><div class=\"elementor-image-box-content\"><p class=\"elementor-image-box-description\">Elektronischer Tresor <\/p><\/div><\/div>\t\t<\/div>\n\t\t\t\t<\/div>\n\t\t\t\t\t<\/div>\n\t\t<\/div>\n\t\t\t\t\t\t\t<\/div>\n\t\t<\/section>\n\t\t\t\t<section class=\"elementor-section elementor-top-section elementor-element elementor-element-5ace2c0 qodef-elementor-content-grid elementor-section-stretched elementor-section-boxed elementor-section-height-default elementor-section-height-default\" data-id=\"5ace2c0\" data-element_type=\"section\" data-settings=\"{&quot;stretch_section&quot;:&quot;section-stretched&quot;}\">\n\t\t\t\t\t\t<div class=\"elementor-container elementor-column-gap-no\">\n\t\t\t\t\t<div class=\"elementor-column elementor-col-100 elementor-top-column elementor-element elementor-element-3f6bb70\" data-id=\"3f6bb70\" data-element_type=\"column\">\n\t\t\t<div class=\"elementor-widget-wrap elementor-element-populated\">\n\t\t\t\t\t\t\t\t<div class=\"elementor-element elementor-element-0f4e9ed elementor-widget elementor-widget-image\" data-id=\"0f4e9ed\" data-element_type=\"widget\" data-widget_type=\"image.default\">\n\t\t\t\t<div class=\"elementor-widget-container\">\n\t\t\t<style>\/*! elementor - v3.18.0 - 08-12-2023 *\/\n.elementor-widget-image{text-align:center}.elementor-widget-image a{display:inline-block}.elementor-widget-image a img[src$=\".svg\"]{width:48px}.elementor-widget-image img{vertical-align:middle;display:inline-block}<\/style>\t\t\t\t\t\t\t\t\t\t\t\t<img decoding=\"async\" width=\"1024\" height=\"683\" src=\"https:\/\/www.hotelcolorado.net\/wp-content\/uploads\/2025\/11\/DGA_4194-1024x683.jpg\" class=\"attachment-large size-large wp-image-11643\" alt=\"\" srcset=\"https:\/\/www.hotelcolorado.net\/wp-content\/uploads\/2025\/11\/DGA_4194-1024x683.jpg 1024w, https:\/\/www.hotelcolorado.net\/wp-content\/uploads\/2025\/11\/DGA_4194-300x200.jpg 300w, https:\/\/www.hotelcolorado.net\/wp-content\/uploads\/2025\/11\/DGA_4194-768x513.jpg 768w, https:\/\/www.hotelcolorado.net\/wp-content\/uploads\/2025\/11\/DGA_4194-1536x1025.jpg 1536w, https:\/\/www.hotelcolorado.net\/wp-content\/uploads\/2025\/11\/DGA_4194-2048x1367.jpg 2048w\" sizes=\"(max-width: 1024px) 100vw, 1024px\" \/>\t\t\t\t\t\t\t\t\t\t\t\t\t\t\t<\/div>\n\t\t\t\t<\/div>\n\t\t\t\t\t<\/div>\n\t\t<\/div>\n\t\t\t\t\t\t\t<\/div>\n\t\t<\/section>\n\t\t\t\t<section class=\"elementor-section elementor-top-section elementor-element elementor-element-7582c7b qodef-elementor-content-grid elementor-section-content-top elementor-section-stretched elementor-hidden-desktop elementor-section-boxed elementor-section-height-default elementor-section-height-default\" data-id=\"7582c7b\" data-element_type=\"section\" data-settings=\"{&quot;stretch_section&quot;:&quot;section-stretched&quot;}\">\n\t\t\t\t\t\t<div class=\"elementor-container elementor-column-gap-no\">\n\t\t\t\t\t<div class=\"elementor-column elementor-col-100 elementor-top-column elementor-element elementor-element-8e34c56\" data-id=\"8e34c56\" data-element_type=\"column\">\n\t\t\t<div class=\"elementor-widget-wrap elementor-element-populated\">\n\t\t\t\t\t\t\t\t<div class=\"elementor-element elementor-element-702db71 elementor-widget elementor-widget-gaspard_core_parallax_image\" data-id=\"702db71\" data-element_type=\"widget\" data-widget_type=\"gaspard_core_parallax_image.default\">\n\t\t\t\t<div class=\"elementor-widget-container\">\n\t\t\t<div class=\"qodef-shortcode qodef-m  qodef-parallax-image qodef-layout--default \">\n\t<div class=\"qodef-m-image\">\n\t\t<div class=\"qodef-e-image-holder\">\n\t\t\t<div class=\"qodef-e-image-zoom-holder\">\n\t\t\t\t\t\t\t\t\t<img fetchpriority=\"high\" decoding=\"async\" width=\"2560\" height=\"1709\" src=\"https:\/\/www.hotelcolorado.net\/wp-content\/uploads\/2025\/11\/DGA_4155-scaled.jpg\" class=\"qodef-e-image\" alt=\"\" srcset=\"https:\/\/www.hotelcolorado.net\/wp-content\/uploads\/2025\/11\/DGA_4155-scaled.jpg 2560w, https:\/\/www.hotelcolorado.net\/wp-content\/uploads\/2025\/11\/DGA_4155-300x200.jpg 300w, https:\/\/www.hotelcolorado.net\/wp-content\/uploads\/2025\/11\/DGA_4155-1024x683.jpg 1024w, https:\/\/www.hotelcolorado.net\/wp-content\/uploads\/2025\/11\/DGA_4155-768x513.jpg 768w, https:\/\/www.hotelcolorado.net\/wp-content\/uploads\/2025\/11\/DGA_4155-1536x1025.jpg 1536w, https:\/\/www.hotelcolorado.net\/wp-content\/uploads\/2025\/11\/DGA_4155-2048x1367.jpg 2048w\" sizes=\"(max-width: 2560px) 100vw, 2560px\" \/>\t\t\t\t\t\t\t<\/div>\n\t\t<\/div>\n\t<\/div>\n<\/div>\t\t<\/div>\n\t\t\t\t<\/div>\n\t\t\t\t<div class=\"elementor-element elementor-element-762e331 elementor-widget elementor-widget-gaspard_core_parallax_image\" data-id=\"762e331\" data-element_type=\"widget\" data-widget_type=\"gaspard_core_parallax_image.default\">\n\t\t\t\t<div class=\"elementor-widget-container\">\n\t\t\t<div class=\"qodef-shortcode qodef-m  qodef-parallax-image qodef-layout--default \">\n\t<div class=\"qodef-m-image\">\n\t\t<div class=\"qodef-e-image-holder\">\n\t\t\t<div class=\"qodef-e-image-zoom-holder\">\n\t\t\t\t\t\t\t\t\t<img decoding=\"async\" width=\"2362\" height=\"2353\" src=\"https:\/\/www.hotelcolorado.net\/wp-content\/uploads\/2025\/11\/DGA_4110.jpg\" class=\"qodef-e-image\" alt=\"\" srcset=\"https:\/\/www.hotelcolorado.net\/wp-content\/uploads\/2025\/11\/DGA_4110.jpg 2362w, https:\/\/www.hotelcolorado.net\/wp-content\/uploads\/2025\/11\/DGA_4110-300x300.jpg 300w, https:\/\/www.hotelcolorado.net\/wp-content\/uploads\/2025\/11\/DGA_4110-1024x1020.jpg 1024w, https:\/\/www.hotelcolorado.net\/wp-content\/uploads\/2025\/11\/DGA_4110-150x150.jpg 150w, https:\/\/www.hotelcolorado.net\/wp-content\/uploads\/2025\/11\/DGA_4110-768x765.jpg 768w, https:\/\/www.hotelcolorado.net\/wp-content\/uploads\/2025\/11\/DGA_4110-1536x1530.jpg 1536w, https:\/\/www.hotelcolorado.net\/wp-content\/uploads\/2025\/11\/DGA_4110-2048x2040.jpg 2048w\" sizes=\"(max-width: 2362px) 100vw, 2362px\" \/>\t\t\t\t\t\t\t<\/div>\n\t\t<\/div>\n\t<\/div>\n<\/div>\t\t<\/div>\n\t\t\t\t<\/div>\n\t\t\t\t\t<\/div>\n\t\t<\/div>\n\t\t\t\t\t\t\t<\/div>\n\t\t<\/section>\n\t\t\t\t\t\t\t<\/div>\n\t\t","protected":false},"excerpt":{"rendered":"<p>Fl\u00e4che Schlafzimmer + Badezimmer: 42 qm + Terrasse Innenseite 1. oder 2. Etage Ideal f\u00fcr 4 bis 8 Personen: Diese Unterkunft besteht aus einem Schlafzimmer mit Doppelbett, einem Schlafzimmer mit zwei Einzelbetten und einem komfortablen Wohnbereich mit Schlafsofa. Die gesamte Fl\u00e4che ist durchdacht gestaltet, mit praktischen Raumaufteilungen, eigenen Kleiderschr\u00e4nken und zwei Badezimmern. Auf Anfrage kann [&hellip;]<\/p>\n","protected":false},"author":1,"featured_media":0,"parent":4019,"menu_order":0,"comment_status":"closed","ping_status":"closed","template":"","meta":{"footnotes":""},"class_list":["post-4029","page","type-page","status-publish","hentry"],"_links":{"self":[{"href":"https:\/\/www.hotelcolorado.net\/index.php\/wp-json\/wp\/v2\/pages\/4029","targetHints":{"allow":["GET"]}}],"collection":[{"href":"https:\/\/www.hotelcolorado.net\/index.php\/wp-json\/wp\/v2\/pages"}],"about":[{"href":"https:\/\/www.hotelcolorado.net\/index.php\/wp-json\/wp\/v2\/types\/page"}],"author":[{"embeddable":true,"href":"https:\/\/www.hotelcolorado.net\/index.php\/wp-json\/wp\/v2\/users\/1"}],"replies":[{"embeddable":true,"href":"https:\/\/www.hotelcolorado.net\/index.php\/wp-json\/wp\/v2\/comments?post=4029"}],"version-history":[{"count":24,"href":"https:\/\/www.hotelcolorado.net\/index.php\/wp-json\/wp\/v2\/pages\/4029\/revisions"}],"predecessor-version":[{"id":11685,"href":"https:\/\/www.hotelcolorado.net\/index.php\/wp-json\/wp\/v2\/pages\/4029\/revisions\/11685"}],"up":[{"embeddable":true,"href":"https:\/\/www.hotelcolorado.net\/index.php\/wp-json\/wp\/v2\/pages\/4019"}],"wp:attachment":[{"href":"https:\/\/www.hotelcolorado.net\/index.php\/wp-json\/wp\/v2\/media?parent=4029"}],"curies":[{"name":"wp","href":"https:\/\/api.w.org\/{rel}","templated":true}]}}